{"id":3,"date":"2021-10-06T15:20:06","date_gmt":"2021-10-06T13:20:06","guid":{"rendered":"http:\/\/www.bbff.de\/critthink\/?page_id=3"},"modified":"2021-10-06T16:28:19","modified_gmt":"2021-10-06T14:28:19","slug":"datenschutzerklaerung","status":"publish","type":"page","link":"https:\/\/www.bbff.de\/critthink\/datenschutzerklaerung\/","title":{"rendered":"Datenschutzerkl\u00e4rung"},"content":{"rendered":"\n<h2 class=\"wp-block-heading\">Impressum<\/h2>\n\n\n\n<p>Der\u00a0<strong>Verantwortliche<\/strong>\u00a0im Sinne der Datenschutz-Grundverordnung (DSGVO) und anderer nationaler Datenschutzgesetze ist:<\/p>\n\n\n\n<p><strong><em>Dr. Michael Valkenberg<\/em><\/strong><\/p>\n\n\n\n<p>Urdenbacher Allee 23<\/p>\n\n\n\n<p>40593 D\u00fcsseldorf<\/p>\n\n\n\n<p>E-Mail: valkenberg@critical-thinking.de<\/p>\n\n\n\n<p>Die Adresse unserer Website ist: http:\/\/www.critical-thinking.de<\/p>\n\n\n\n<p><\/p>\n\n\n\n<h2 class=\"wp-block-heading\">Zwecke der Datenverarbeitung<\/h2>\n\n\n\n<p>Um Ihren Besuch so benutzerfreundlich wie m\u00f6glich zu gestalten und s\u00e4mtliche verf\u00fcgbaren Funktionen anbieten zu k\u00f6nnen, erheben wir eine Reihe von\u00a0<strong>Daten und Informationen des Ger\u00e4ts<\/strong>, mit dem Sie unsere Website aufgerufen haben. Dabei handelt es sich um folgende Daten:<\/p>\n\n\n\n<ul class=\"wp-block-list\"><li>IP-Adresse<\/li><li>Betriebssystem<\/li><li>Browsertyp und -version<\/li><li>Datum und Uhrzeit des Zugriffs<\/li><\/ul>\n\n\n\n<p>Eine Auswertung dieser Daten zu Marketingzwecken findet in diesem Zusammenhang nicht statt.<\/p>\n\n\n\n<p><\/p>\n\n\n\n<h2 class=\"wp-block-heading\">Eingebettete Inhalte von anderen Websites<\/h2>\n\n\n\n<p><strong class=\"privacy-policy-tutorial\">Textvorschlag: <\/strong>Beitr\u00e4ge auf dieser Website k\u00f6nnen eingebettete Inhalte beinhalten (z.&nbsp;B. Videos, Bilder, Beitr\u00e4ge etc.). Eingebettete Inhalte von anderen Websites verhalten sich exakt so, als ob der Besucher die andere Website besucht h\u00e4tte.<\/p>\n\n\n\n<p>Diese Websites k\u00f6nnen Daten \u00fcber Sie sammeln, Cookies benutzen, zus\u00e4tzliche Tracking-Dienste von Dritten einbetten und Ihre Interaktion mit diesem eingebetteten Inhalt aufzeichnen.<\/p>\n\n\n\n<p><\/p>\n\n\n\n<h2 class=\"wp-block-heading\">Dauer der Datenspeicherung<\/h2>\n\n\n\n<p>Alle personenbezogenen Daten, die wir w\u00e4hrend Ihres Besuchs durch den Einsatz von\u00a0<strong>Sitzungs-Cookies<\/strong>\u00a0gesammelt haben, werden automatisch gel\u00f6scht, sobald der Zweck f\u00fcr ihre Erhebung erf\u00fcllt ist. Die Sitzungsdaten werden demnach so lange gespeichert,\u00a0<strong>bis Sie Ihre Sitzung beenden<\/strong>\u00a0(durch das Verlassen bzw. Schlie\u00dfen der Website).<\/p>\n\n\n\n<p><\/p>\n\n\n\n<h2 class=\"wp-block-heading\">Rechtsgrundlagen<\/h2>\n\n\n\n<p>Insofern wir f\u00fcr die Verarbeitung der personenbezogenen Daten eine\u00a0<strong>Einwilligung<\/strong>\u00a0der betroffenen Person eingeholt haben, gilt Artikel 6 Absatz 1 Unterabsatz 1a der DSGVO als rechtliche Grundlage.<\/p>\n\n\n\n<p>Ist die Verarbeitung personenbezogener Daten f\u00fcr die\u00a0<strong>Erf\u00fcllung eines Vertrags<\/strong>\u00a0mit der betroffenen Person oder f\u00fcr\u00a0<strong>vorvertragliche Ma\u00dfnahmen<\/strong>\u00a0erforderlich, die durch die betroffene Person veranlasst wurden, dient Artikel 6 Absatz 1 Unterabsatz 1b (DSGVO) als Rechtsgrundlage.<\/p>\n\n\n\n<p>Ist die Datenverarbeitung das Resultat einer\u00a0<strong>rechtlichen Verpflichtung<\/strong>, der wir unterliegen, berufen wir uns auf Artikel 6 Absatz 1 Unterabsatz 1c der DSGVO als rechtliche Basis.<\/p>\n\n\n\n<p>Erfolgt die Verarbeitung personenbezogener Daten, um\u00a0<strong>lebenswichtige Interessen<\/strong>\u00a0der betroffenen Person oder einer anderen nat\u00fcrlichen Person zu sch\u00fctzen, dient Artikel 6 Absatz 1 Unterabsatz 1d (DSGVO) als Rechtsgrundlage.<\/p>\n\n\n\n<p>Dient die Datenverarbeitung einer Aufgabe, die im\u00a0<strong>\u00f6ffentlichen Interesse<\/strong>\u00a0liegt oder in\u00a0<strong>Aus\u00fcbung \u00f6ffentlicher Gewalt<\/strong>\u00a0erfolgt, berufen wir uns auf Artikel 6 Absatz 1 Unterabsatz 1e der DSGVO.<\/p>\n\n\n\n<p>Insofern die Verarbeitung personenbezogener Daten erforderlich ist, um\u00a0<strong>berechtigte Interessen des Verantwortlichen<\/strong>\u00a0oder\u00a0<strong>eines Dritten<\/strong>\u00a0zu wahren \u2013 ohne dabei die Interessen, Grundrechte oder Grundfreiheiten der betroffenen Person zu gef\u00e4hrden \u2013, gilt Artikel 6 Absatz 1 Unterabsatz 1f (DSGVO) als Rechtsgrundlage.<\/p>\n\n\n\n<p><\/p>\n\n\n\n<h2 class=\"wp-block-heading\"><strong>Hinweis auf Betroffenenrechte<\/strong><\/h2>\n\n\n\n<p>Im Sinne der DSGVO z\u00e4hlen Sie als Betroffener, wenn personenbezogene Daten, die Sie betreffen, von uns verarbeitet werden. Aus diesem Grund k\u00f6nnen Sie von verschiedenen Betroffenenrechten Gebrauch machen, die in der Datenschutz-Grundverordnung verankert sind. Hierbei handelt es sich um das\u00a0<strong>Auskunftsrecht<\/strong>\u00a0(Artikel 15 DSGVO), das\u00a0<strong>Recht auf Berichtigung<\/strong>\u00a0(Artikel 16 DSGVO), das\u00a0<strong>Recht auf L\u00f6schung<\/strong>\u00a0(Artikel 17 DSGVO), das\u00a0<strong>Recht auf Einschr\u00e4nkung der Verarbeitung<\/strong>\u00a0(Artikel 18 DSGVO), das\u00a0<strong>Widerspruchsrecht<\/strong>\u00a0(Artikel 21 DSGVO), das\u00a0<strong>Recht auf Beschwerde bei einer Aufsichtsbeh\u00f6rde<\/strong>\u00a0(Artikel 77 DSGVO) sowie das\u00a0<strong>Recht auf Daten\u00fcbertragbarkeit<\/strong>\u00a0(Artikel 20 DSGVO).<\/p>\n","protected":false},"excerpt":{"rendered":"<p>Impressum Der\u00a0Verantwortliche\u00a0im Sinne der Datenschutz-Grundverordnung (DSGVO) und anderer nationaler Datenschutzgesetze ist: Dr. Michael Valkenberg Urdenbacher Allee 23 40593 D\u00fcsseldorf E-Mail: valkenberg@critical-thinking.de Die Adresse unserer Website ist: http:\/\/www.critical-thinking.de Zwecke der Datenverarbeitung Um Ihren Besuch so benutzerfreundlich wie m\u00f6glich zu gestalten und s\u00e4mtliche verf\u00fcgbaren Funktionen anbieten zu k\u00f6nnen, erheben wir eine Reihe von\u00a0Daten und Informationen des Ger\u00e4ts, [&hellip;]<\/p>\n","protected":false},"author":1,"featured_media":0,"parent":0,"menu_order":0,"comment_status":"closed","ping_status":"open","template":"","meta":{"footnotes":""},"class_list":["post-3","page","type-page","status-publish","hentry"],"_links":{"self":[{"href":"https:\/\/www.bbff.de\/critthink\/wp-json\/wp\/v2\/pages\/3","targetHints":{"allow":["GET"]}}],"collection":[{"href":"https:\/\/www.bbff.de\/critthink\/wp-json\/wp\/v2\/pages"}],"about":[{"href":"https:\/\/www.bbff.de\/critthink\/wp-json\/wp\/v2\/types\/page"}],"author":[{"embeddable":true,"href":"https:\/\/www.bbff.de\/critthink\/wp-json\/wp\/v2\/users\/1"}],"replies":[{"embeddable":true,"href":"https:\/\/www.bbff.de\/critthink\/wp-json\/wp\/v2\/comments?post=3"}],"version-history":[{"count":1,"href":"https:\/\/www.bbff.de\/critthink\/wp-json\/wp\/v2\/pages\/3\/revisions"}],"predecessor-version":[{"id":52,"href":"https:\/\/www.bbff.de\/critthink\/wp-json\/wp\/v2\/pages\/3\/revisions\/52"}],"wp:attachment":[{"href":"https:\/\/www.bbff.de\/critthink\/wp-json\/wp\/v2\/media?parent=3"}],"curies":[{"name":"wp","href":"https:\/\/api.w.org\/{rel}","templated":true}]}}

Datenschutzerklärung

<h2 class="wp-block-heading">Impressum</h2>



<p>Der <strong>Verantwortliche</strong> im Sinne der Datenschutz-Grundverordnung (DSGVO) und anderer nationaler Datenschutzgesetze ist:</p>



<p><strong><em>Dr. Michael Valkenberg</em></strong></p>



<p>Urdenbacher Allee 23</p>



<p>40593 Düsseldorf</p>



<p>E-Mail: valkenberg@critical-thinking.de</p>



<p>Die Adresse unserer Website ist: http://www.critical-thinking.de</p>



<p></p>



<h2 class="wp-block-heading">Zwecke der Datenverarbeitung</h2>



<p>Um Ihren Besuch so benutzerfreundlich wie möglich zu gestalten und sämtliche verfügbaren Funktionen anbieten zu können, erheben wir eine Reihe von <strong>Daten und Informationen des Geräts</strong>, mit dem Sie unsere Website aufgerufen haben. Dabei handelt es sich um folgende Daten:</p>



<ul class="wp-block-list"><li>IP-Adresse</li><li>Betriebssystem</li><li>Browsertyp und -version</li><li>Datum und Uhrzeit des Zugriffs</li></ul>



<p>Eine Auswertung dieser Daten zu Marketingzwecken findet in diesem Zusammenhang nicht statt.</p>



<p></p>



<h2 class="wp-block-heading">Eingebettete Inhalte von anderen Websites</h2>



<p><strong class="privacy-policy-tutorial">Textvorschlag: </strong>Beiträge auf dieser Website können eingebettete Inhalte beinhalten (z.&nbsp;B. Videos, Bilder, Beiträge etc.). Eingebettete Inhalte von anderen Websites verhalten sich exakt so, als ob der Besucher die andere Website besucht hätte.</p>



<p>Diese Websites können Daten über Sie sammeln, Cookies benutzen, zusätzliche Tracking-Dienste von Dritten einbetten und Ihre Interaktion mit diesem eingebetteten Inhalt aufzeichnen.</p>



<p></p>



<h2 class="wp-block-heading">Dauer der Datenspeicherung</h2>



<p>Alle personenbezogenen Daten, die wir während Ihres Besuchs durch den Einsatz von <strong>Sitzungs-Cookies</strong> gesammelt haben, werden automatisch gelöscht, sobald der Zweck für ihre Erhebung erfüllt ist. Die Sitzungsdaten werden demnach so lange gespeichert, <strong>bis Sie Ihre Sitzung beenden</strong> (durch das Verlassen bzw. Schließen der Website).</p>



<p></p>



<h2 class="wp-block-heading">Rechtsgrundlagen</h2>



<p>Insofern wir für die Verarbeitung der personenbezogenen Daten eine <strong>Einwilligung</strong> der betroffenen Person eingeholt haben, gilt Artikel 6 Absatz 1 Unterabsatz 1a der DSGVO als rechtliche Grundlage.</p>



<p>Ist die Verarbeitung personenbezogener Daten für die <strong>Erfüllung eines Vertrags</strong> mit der betroffenen Person oder für <strong>vorvertragliche Maßnahmen</strong> erforderlich, die durch die betroffene Person veranlasst wurden, dient Artikel 6 Absatz 1 Unterabsatz 1b (DSGVO) als Rechtsgrundlage.</p>



<p>Ist die Datenverarbeitung das Resultat einer <strong>rechtlichen Verpflichtung</strong>, der wir unterliegen, berufen wir uns auf Artikel 6 Absatz 1 Unterabsatz 1c der DSGVO als rechtliche Basis.</p>



<p>Erfolgt die Verarbeitung personenbezogener Daten, um <strong>lebenswichtige Interessen</strong> der betroffenen Person oder einer anderen natürlichen Person zu schützen, dient Artikel 6 Absatz 1 Unterabsatz 1d (DSGVO) als Rechtsgrundlage.</p>



<p>Dient die Datenverarbeitung einer Aufgabe, die im <strong>öffentlichen Interesse</strong> liegt oder in <strong>Ausübung öffentlicher Gewalt</strong> erfolgt, berufen wir uns auf Artikel 6 Absatz 1 Unterabsatz 1e der DSGVO.</p>



<p>Insofern die Verarbeitung personenbezogener Daten erforderlich ist, um <strong>berechtigte Interessen des Verantwortlichen</strong> oder <strong>eines Dritten</strong> zu wahren – ohne dabei die Interessen, Grundrechte oder Grundfreiheiten der betroffenen Person zu gefährden –, gilt Artikel 6 Absatz 1 Unterabsatz 1f (DSGVO) als Rechtsgrundlage.</p>



<p></p>



<h2 class="wp-block-heading"><strong>Hinweis auf Betroffenenrechte</strong></h2>



<p>Im Sinne der DSGVO zählen Sie als Betroffener, wenn personenbezogene Daten, die Sie betreffen, von uns verarbeitet werden. Aus diesem Grund können Sie von verschiedenen Betroffenenrechten Gebrauch machen, die in der Datenschutz-Grundverordnung verankert sind. Hierbei handelt es sich um das <strong>Auskunftsrecht</strong> (Artikel 15 DSGVO), das <strong>Recht auf Berichtigung</strong> (Artikel 16 DSGVO), das <strong>Recht auf Löschung</strong> (Artikel 17 DSGVO), das <strong>Recht auf Einschränkung der Verarbeitung</strong> (Artikel 18 DSGVO), das <strong>Widerspruchsrecht</strong> (Artikel 21 DSGVO), das <strong>Recht auf Beschwerde bei einer Aufsichtsbehörde</strong> (Artikel 77 DSGVO) sowie das <strong>Recht auf Datenübertragbarkeit</strong> (Artikel 20 DSGVO).</p>

<p>Impressum Der Verantwortliche im Sinne der Datenschutz-Grundverordnung (DSGVO) und anderer nationaler Datenschutzgesetze ist: Dr. Michael Valkenberg Urdenbacher Allee 23 40593 Düsseldorf E-Mail: valkenberg@critical-thinking.de Die Adresse unserer Website ist: http://www.critical-thinking.de Zwecke der Datenverarbeitung Um Ihren Besuch so benutzerfreundlich wie möglich zu gestalten und sämtliche verfügbaren Funktionen anbieten zu können, erheben wir eine Reihe von Daten und Informationen des Geräts, [&hellip;]</p>
