{"id":38,"date":"2021-10-06T15:58:02","date_gmt":"2021-10-06T13:58:02","guid":{"rendered":"http:\/\/www.bbff.de\/critthink\/?page_id=38"},"modified":"2021-10-13T20:13:41","modified_gmt":"2021-10-13T18:13:41","slug":"kritisches-denken-und-die-wissenschaftliche-methode","status":"publish","type":"page","link":"https:\/\/www.bbff.de\/critthink\/","title":{"rendered":"Kritisches Denken und die Wissenschaftliche Methode"},"content":{"rendered":"\n<h2 class=\"wp-block-heading\">Willkommen auf der Homepage der Vorlesung &#8222;Kritisches Denken und die wissenschaftliche Methode\u201c<\/h2>\n\n\n\n<p>Ziel dieser Vorlesung soll es sein, Interesse und Begeisterung f\u00fcr wissenschaftliches Vorgehen und kritisches Denken zu wecken. Dies wird den Studierenden basierend auf Erkenntnistheorie und Wissenschaftsphilosophie nahegebracht. Dabei sollen Freude an der Anwendung von Logik und Analyse sowie die Neugier auf Entdeckungen der Vermittlung reinen Faktenwissens \u00fcbergeordnet sein.<\/p>\n\n\n\n<p>Es folgt die \u00dcbertragung der neu erworbenen Sichtweise auf praktische Fragestellungen im beruflichen und gesellschaftlichen Alltag, zum Beispiel in der Rezeption von angeblichen oder tats\u00e4chlichen Fakten oder der Verarbeitung verschiedener sich m\u00f6glicherweise widersprechender Information. Auch die Anwendung des wissenschaftlich kritischen Ansatzes im Feld der Forschung und Innovation f\u00e4llt in diesen Bereich.<\/p>\n\n\n\n<p>Die Inhalte im \u00dcberblick:<\/p>\n\n\n\n<ul class=\"wp-block-list\"><li>Grundlagen wissenschaftlichen Denkens und Vorgehens<\/li><li>Sensibilisierung f\u00fcr die Grenzen der eigenen Wahrnehmung<\/li><li>\u00dcbertragung der Erkenntnisse in den beruflichen Alltag<\/li><li>Vertiefung des Erlernten in praktischen \u00dcbungen<\/li><\/ul>\n\n\n\n<p>Die Vorlesung wurde in Zusammenarbeit von Diana Menschig und Michael Valkenberg entwickelt. Sie wird wahlweise in deutscher oder englischer Sprache angeboten. Sie wurde erstmals im Wintersemester 2011\/12 an der&nbsp;<a href=\"http:\/\/www.fh-aachen.de\/fachbereiche\/luft-und-raumfahrttechnik\/\">Fakult\u00e4t f\u00fcr Luft- und Raumfahrttechnik<\/a>&nbsp;der FH Aachen angeboten.<\/p>\n\n\n\n<div class=\"wp-block-columns is-layout-flex wp-container-core-columns-is-layout-9d6595d7 wp-block-columns-is-layout-flex\">\n<div class=\"wp-block-column is-layout-flow wp-block-column-is-layout-flow\" style=\"flex-basis:66.66%\">\n<p><strong>Diana Menschig<\/strong>&nbsp;ist Diplom-Psychologin und hat 2009 die Ausbildereignungspr\u00fcfung nach Ausbildereignungsverordnung (AEVO) der IHK abgelegt.&nbsp;Sie war \u00fcber einige Jahre in der Personalbeschaffung und Personalauswahl t\u00e4tig und ist seit April 2009 als Dozentin und Trainerin mit Themen zu Bewerbung, Gr\u00fcndung und Berufsberatung, aber auch Selbstpr\u00e4sentation und Kommunikation selbstst\u00e4ndig. Unter anderem war sie bis 2018 an der Fachhochschule Aachen t\u00e4tig.<\/p>\n<\/div>\n\n\n\n<div class=\"wp-block-column is-layout-flow wp-block-column-is-layout-flow\" style=\"flex-basis:33.33%\">\n<figure class=\"wp-block-image size-full\"><img loading=\"lazy\" decoding=\"async\" width=\"180\" height=\"225\" src=\"https:\/\/www.bbff.de\/critthink\/wp-content\/uploads\/2021\/10\/droppedImage.jpg\" alt=\"\" class=\"wp-image-40\"\/><\/figure>\n<\/div>\n<\/div>\n\n\n\n<div class=\"wp-block-columns is-layout-flex wp-container-core-columns-is-layout-9d6595d7 wp-block-columns-is-layout-flex\">\n<div class=\"wp-block-column is-layout-flow wp-block-column-is-layout-flow\" style=\"flex-basis:33.33%\">\n<figure class=\"wp-block-image size-large\"><img loading=\"lazy\" decoding=\"async\" width=\"640\" height=\"800\" src=\"https:\/\/www.bbff.de\/critthink\/wp-content\/uploads\/2021\/10\/photo_20210416182404_6553616_0.jpg\" alt=\"\" class=\"wp-image-89\" srcset=\"https:\/\/www.bbff.de\/critthink\/wp-content\/uploads\/2021\/10\/photo_20210416182404_6553616_0.jpg 640w, https:\/\/www.bbff.de\/critthink\/wp-content\/uploads\/2021\/10\/photo_20210416182404_6553616_0-240x300.jpg 240w\" sizes=\"auto, (max-width: 640px) 100vw, 640px\" \/><\/figure>\n<\/div>\n\n\n\n<div class=\"wp-block-column is-layout-flow wp-block-column-is-layout-flow\" style=\"flex-basis:66.66%\">\n<p><a href=\"file:\/\/\/Users\/michael\/Desktop\/Valkenberg.eu\/critthink\/critical_thinking_de\/Kontakt_und_Impressum.html\">Dr. Michael Valkenberg<\/a>&nbsp;ist promovierter Chemiker und hat mehrere Jahre als selbstst\u00e4ndiger Forschungsberater f\u00fcr mittelst\u00e4ndische Unternehmen gearbeitet. Von 2005 bis 2011 war er stellvertretender Institutsleiter des Instituts f\u00fcr Brennstoffchemie und phys.-chem. Verfahrenstechnik der RWTH Aachen.<\/p>\n<\/div>\n<\/div>\n","protected":false},"excerpt":{"rendered":"<p>Willkommen auf der Homepage der Vorlesung &#8222;Kritisches Denken und die wissenschaftliche Methode\u201c Ziel dieser Vorlesung soll es sein, Interesse und Begeisterung f\u00fcr wissenschaftliches Vorgehen und kritisches Denken zu wecken. Dies wird den Studierenden basierend auf Erkenntnistheorie und Wissenschaftsphilosophie nahegebracht. Dabei sollen Freude an der Anwendung von Logik und Analyse sowie die Neugier auf Entdeckungen der [&hellip;]<\/p>\n","protected":false},"author":1,"featured_media":0,"parent":0,"menu_order":0,"comment_status":"closed","ping_status":"closed","template":"","meta":{"footnotes":""},"class_list":["post-38","page","type-page","status-publish","hentry"],"_links":{"self":[{"href":"https:\/\/www.bbff.de\/critthink\/wp-json\/wp\/v2\/pages\/38","targetHints":{"allow":["GET"]}}],"collection":[{"href":"https:\/\/www.bbff.de\/critthink\/wp-json\/wp\/v2\/pages"}],"about":[{"href":"https:\/\/www.bbff.de\/critthink\/wp-json\/wp\/v2\/types\/page"}],"author":[{"embeddable":true,"href":"https:\/\/www.bbff.de\/critthink\/wp-json\/wp\/v2\/users\/1"}],"replies":[{"embeddable":true,"href":"https:\/\/www.bbff.de\/critthink\/wp-json\/wp\/v2\/comments?post=38"}],"version-history":[{"count":4,"href":"https:\/\/www.bbff.de\/critthink\/wp-json\/wp\/v2\/pages\/38\/revisions"}],"predecessor-version":[{"id":90,"href":"https:\/\/www.bbff.de\/critthink\/wp-json\/wp\/v2\/pages\/38\/revisions\/90"}],"wp:attachment":[{"href":"https:\/\/www.bbff.de\/critthink\/wp-json\/wp\/v2\/media?parent=38"}],"curies":[{"name":"wp","href":"https:\/\/api.w.org\/{rel}","templated":true}]}}

<h2 class="wp-block-heading">Willkommen auf der Homepage der Vorlesung &#8222;Kritisches Denken und die wissenschaftliche Methode“</h2>



<p>Ziel dieser Vorlesung soll es sein, Interesse und Begeisterung für wissenschaftliches Vorgehen und kritisches Denken zu wecken. Dies wird den Studierenden basierend auf Erkenntnistheorie und Wissenschaftsphilosophie nahegebracht. Dabei sollen Freude an der Anwendung von Logik und Analyse sowie die Neugier auf Entdeckungen der Vermittlung reinen Faktenwissens übergeordnet sein.</p>



<p>Es folgt die Übertragung der neu erworbenen Sichtweise auf praktische Fragestellungen im beruflichen und gesellschaftlichen Alltag, zum Beispiel in der Rezeption von angeblichen oder tatsächlichen Fakten oder der Verarbeitung verschiedener sich möglicherweise widersprechender Information. Auch die Anwendung des wissenschaftlich kritischen Ansatzes im Feld der Forschung und Innovation fällt in diesen Bereich.</p>



<p>Die Inhalte im Überblick:</p>



<ul class="wp-block-list"><li>Grundlagen wissenschaftlichen Denkens und Vorgehens</li><li>Sensibilisierung für die Grenzen der eigenen Wahrnehmung</li><li>Übertragung der Erkenntnisse in den beruflichen Alltag</li><li>Vertiefung des Erlernten in praktischen Übungen</li></ul>



<p>Die Vorlesung wurde in Zusammenarbeit von Diana Menschig und Michael Valkenberg entwickelt. Sie wird wahlweise in deutscher oder englischer Sprache angeboten. Sie wurde erstmals im Wintersemester 2011/12 an der&nbsp;<a href="http://www.fh-aachen.de/fachbereiche/luft-und-raumfahrttechnik/">Fakultät für Luft- und Raumfahrttechnik</a>&nbsp;der FH Aachen angeboten.</p>



<div class="wp-block-columns is-layout-flex wp-container-core-columns-is-layout-9d6595d7 wp-block-columns-is-layout-flex">
<div class="wp-block-column is-layout-flow wp-block-column-is-layout-flow" style="flex-basis:66.66%">
<p><strong>Diana Menschig</strong>&nbsp;ist Diplom-Psychologin und hat 2009 die Ausbildereignungsprüfung nach Ausbildereignungsverordnung (AEVO) der IHK abgelegt.&nbsp;Sie war über einige Jahre in der Personalbeschaffung und Personalauswahl tätig und ist seit April 2009 als Dozentin und Trainerin mit Themen zu Bewerbung, Gründung und Berufsberatung, aber auch Selbstpräsentation und Kommunikation selbstständig. Unter anderem war sie bis 2018 an der Fachhochschule Aachen tätig.</p>
</div>



<div class="wp-block-column is-layout-flow wp-block-column-is-layout-flow" style="flex-basis:33.33%">
<figure class="wp-block-image size-full"><img loading="lazy" decoding="async" width="180" height="225" src="https://www.bbff.de/critthink/wp-content/uploads/2021/10/droppedImage.jpg" alt="" class="wp-image-40"/></figure>
</div>
</div>



<div class="wp-block-columns is-layout-flex wp-container-core-columns-is-layout-9d6595d7 wp-block-columns-is-layout-flex">
<div class="wp-block-column is-layout-flow wp-block-column-is-layout-flow" style="flex-basis:33.33%">
<figure class="wp-block-image size-large"><img loading="lazy" decoding="async" width="640" height="800" src="https://www.bbff.de/critthink/wp-content/uploads/2021/10/photo_20210416182404_6553616_0.jpg" alt="" class="wp-image-89" srcset="https://www.bbff.de/critthink/wp-content/uploads/2021/10/photo_20210416182404_6553616_0.jpg 640w, https://www.bbff.de/critthink/wp-content/uploads/2021/10/photo_20210416182404_6553616_0-240x300.jpg 240w" sizes="auto, (max-width: 640px) 100vw, 640px" /></figure>
</div>



<div class="wp-block-column is-layout-flow wp-block-column-is-layout-flow" style="flex-basis:66.66%">
<p><a href="file:///Users/michael/Desktop/Valkenberg.eu/critthink/critical_thinking_de/Kontakt_und_Impressum.html">Dr. Michael Valkenberg</a>&nbsp;ist promovierter Chemiker und hat mehrere Jahre als selbstständiger Forschungsberater für mittelständische Unternehmen gearbeitet. Von 2005 bis 2011 war er stellvertretender Institutsleiter des Instituts für Brennstoffchemie und phys.-chem. Verfahrenstechnik der RWTH Aachen.</p>
</div>
</div>

<p>Willkommen auf der Homepage der Vorlesung &#8222;Kritisches Denken und die wissenschaftliche Methode“ Ziel dieser Vorlesung soll es sein, Interesse und Begeisterung für wissenschaftliches Vorgehen und kritisches Denken zu wecken. Dies wird den Studierenden basierend auf Erkenntnistheorie und Wissenschaftsphilosophie nahegebracht. Dabei sollen Freude an der Anwendung von Logik und Analyse sowie die Neugier auf Entdeckungen der [&hellip;]</p>
